920575419 a prime number?
False
Is 34473407 composite?
False
Is 121294553 a prime number?
True
Is 2076155633 prime?
False
Is 2999368373 composite?
False
Is 366584329 prime?
False
Is 128837273801 prime?
False
Is 102309731 composite?
False
Is 2730801107 prime?
False
Is 20119101887 a prime number?
False
Is 9468525909 a composite number?
True
Is 3042155647 composite?
True
Is 35749058473 prime?
False
Is 8119831877 prime?
False
Is 4875894533 prime?
False
Is 4287609281 composite?
True
Is 4621943369 composite?
False
Is 288348139 prime?
True
Is 38393320547 a prime number?
True
Is 453029218907 prime?
False
Is 296675257 prime?
False
Is 419634173 prime?
False
Is 2877103859 prime?
False
Is 1352480531 a composite number?
True
Is 1185486369 prime?
False
Is 111205920737 a prime number?
True
Is 18781957483 composite?
True
Is 7440500699 prime?
True
Is 93610057571 prime?
False
Is 2756705129 prime?
False
Is 7637861951 composite?
False
Is 71790854923 a composite number?
False
Is 33520045883 a prime number?
True
Is 10968189211 a prime number?
False
Is 1091624887 a composite number?
False
Is 922331029 prime?
True
Is 27742352245 prime?
False
Is 42632063 composite?
False
Is 12806906549 composite?
False
Is 132588371879 composite?
True
Is 18039184897 a prime number?
False
Is 230478077 a prime number?
False
Is 659374913 a composite number?
False
Is 1603995451 a composite number?
True
Is 2155938503 a composite number?
True
Is 2307175987 a prime number?
False
Is 619500029 a prime number?
True
Is 22630825507 a composite number?
False
Is 1353190229 prime?
False
Is 1920956197 prime?
True
Is 2446190458 prime?
False
Is 392080697 prime?
False
Is 1072012631 a prime number?
True
Is 7873405615 a prime number?
False
Is 1414433333 composite?
False
Is 1787656394 prime?
False
Is 17713151917 a prime number?
True
Is 9727503523 composite?
False
Is 5300517007 composite?
True
Is 17544548353 a composite number?
False
Is 2115538391 a composite number?
False
Is 24172102249 a composite number?
True
Is 2289284885 prime?
False
Is 139411983187 prime?
True
Is 147226021 prime?
True
Is 3310405045 a prime number?
False
Is 615521789 a composite number?
True
Is 78140009 composite?
False
Is 7456299353 prime?
True
Is 5853246123 prime?
False
Is 2657992759 a composite number?
True
Is 42594845395 prime?
False
Is 153213911 a prime number?
False
Is 2284484639 composite?
False
Is 118979829923 composite?
True
Is 254888027 composite?
False
Is 3050359127 prime?
True
Is 7928199637 a prime number?
True
Is 25209405797 composite?
False
Is 832847087 a composite number?
False
Is 249714493519 composite?
False
Is 1165399369 composite?
True
Is 90410925107 prime?
False
Is 10303191779 composite?
True
Is 551454133 a composite number?
True
Is 5009723053 prime?
True
Is 176019461 a prime number?
True
Is 512616761 a prime number?
False
Is 53363761637 composite?
False
Is 766197911 a prime number?
False
Is 210940031 prime?
True
Is 18201508147 a composite number?
True
Is 56464693 a prime number?
False
Is 17470676953 a composite number?
True
Is 1087163191 a composite number?
False
Is 181073977229 prime?
False
Is 1490881111 a prime number?
False
Is 9561211249 a prime number?
False
Is 3538949539 composite?
True
Is 4171928581 a composite number?
True
Is 16309453079 a composite number?
False
Is 5073467561 composite?
False
Is 617372039 composite?
True
Is 68207831 prime?
True
Is 97103505427 a prime number?
True
Is 444837979 a composite number?
True
Is 61978743581 prime?
False
Is 2167568021 a prime number?
True
Is 47270051527 a prime number?
False
Is 4294553647 prime?
True
Is 3330186773 a prime number?
False
Is 343618627 composite?
True
Is 3301391 composite?
False
Is 1082041123 prime?
True
Is 8394423053 a prime number?
True
Is 787617199 prime?
True
Is 6327295129 composite?
False
Is 2069656921 composite?
False
Is 2468778493 composite?
False
Is 1438140038 a prime number?
False
Is 57346682869 a composite number?
True
Is 187685671 a composite number?
False
Is 1070814709 prime?
False
Is 26319664127 prime?
True
Is 105061111 prime?
True
Is 174320599 a prime number?
False
Is 63478697807 composite?
True
Is 2812898327 prime?
True
Is 15855535181 a composite number?
False
Is 205097593 a composite number?
False
Is 8323684367 a composite number?
False
Is 2203594313 composite?
True
Is 7864887143 prime?
False
Is 3078325501 a prime number?
False
Is 4237135057 a prime number?
False
Is 13530228527 a prime number?
True
Is 12590985679 a composite number?
False
Is 1170060409 a prime number?
False
Is 11530417901 a prime number?
True
Is 11250641891 prime?
False
Is 689919026035 prime?
False
Is 25941589343 composite?
True
Is 808245091 a prime number?
True
Is 1017962591 prime?
False
Is 337277527 a prime number?
True
Is 2120390359 prime?
False
Is 115493071 a composite number?
True
Is 144432727 prime?
False
Is 8932184997 prime?
False
Is 1151485355 composite?
True
Is 2941725071 a composite number?
True
Is 4440193339 a prime number?
False
Is 2468951743 composite?
True
Is 1487752867 a prime number?
False
Is 607264807 a composite number?
False
Is 1262091367 a composite number?
True
Is 65731820467 prime?
True
Is 5917798441 composite?
False
Is 229225537 a prime number?
True
Is 6645698702 a composite number?
True
Is 3938558138 composite?
True
Is 1514744927 composite?
False
Is 61282230881 a composite number?
True
Is 814958234 a prime number?
False
Is 40978627421 prime?
True
Is 12034161913 composite?
True
Is 361160977 a composite number?
False
Is 917622827 composite?
True
Is 3011780987 composite?
True
Is 28482719021 prime?
False
Is 890343493 a composite number?
True
Is 1616686277 composite?
True
Is 166963113203 prime?
True
Is 57901181813 a composite number?
True
Is 308274067 composite?
False
Is 111811306613 prime?
False
Is 393129623 a composite number?
False
Is 2556230527 composite?
True
Is 493164491 a prime number?
True
Is 56281850327 a prime number?
True
Is 1086981991 a prime number?
True
Is 39767595709 prime?
True
Is 6280836241 composite?
True
Is 44732930959 prime?
True
Is 61039597301 prime?
False
Is 67677895771 prime?
True
Is 969105019 composite?
False
Is 14170619 a prime number?
False
Is 22118919311 prime?
True
Is 122453083 a prime number?
False
Is 20665697513 prime?
False
Is 1116128395 composite?
True
Is 6158375623 prime?
False
Is 273821960219 composite?
True
Is 11239423449 a prime number?
False
Is 31543241987 a prime number?
True
Is 4099601183 composite?
False
Is 4426688927 a prime number?
False
Is 4641306667 a prime number?
False
Is 1097853773 composite?
True
Is 143571607253 composite?
False
Is 900238441 a composite number?
False
Is 353850539 a composite number?
True
Is 159907053667 a prime number?
False
Is 916989767 composite?
False
Is 2505571303 a composite number?
True
Is 3122194987 a prime number?
False
Is 41287429481 a composite number?
True
Is 3020522273 a composite number?
False
Is 6988142471 prime?
False
Is 560110950671 a composite number?
False
Is 60894971503 a prime number?
True
Is 20293799311 a prime number?
True
Is 371077313 composite?
True
Is 473831641 a composite number?
False
Is 1072448513 a composite number?
True
Is 30156094641 prime?
False
Is 35561987 composite?
True
Is 2775688469 a prime number?
False
Is 425644614949 a prime number?
True
Is 4524673337 a composite number?
True
Is 416665609 a prime number?
True
Is 6485869703 a composite number?
True
Is 9666752441 a composite number?
False
Is 5021721911 prime?
False
Is 112089434519 a composite number?
False
Is 952085479 a prime number?
True
Is 1915159583 a prime number?
False
Is 20212070987 prime?
True
Is 24890293 composite?
True
Is 1481133383 prime?
True
Is 446211701 a composite number?
True
Is 62893289861 a composite number?
False
Is 3097826281 a composite number?
True
Is 549082861 a composite number?
False
Is 241543681 composite?
False
Is 1672997923 a prime number?
False
Is 175539941 composite?
False
Is 79202231 a composite number?
False
Is 10896532249 a prime number?
True
Is 1266799847 composite?
False
Is 3419125363 a composite number?
True
Is 9164912541 prime?
False
Is 56004040051 a composite number?
False
Is 2345516969 prime?
True
Is 566963773 a prime number?
False
Is 1517871869 prime?
False
Is 19634690473 composite?
True
Is 5847437737 composite?
False
Is 24757737481 a composite number?
False
I